 when 1322949 is divided by 1322938?
11
Calculate the remainder when 533846 is divided by 5131.
222
Calculate the remainder when 1566566 is divided by 28478.
276
Calculate the remainder when 128885678 is divided by 11.
9
What is the remainder when 6443277 is divided by 45?
42
Calculate the remainder when 3364950 is divided by 52.
30
What is the remainder when 15866 is divided by 3692?
1098
Calculate the remainder when 4008197 is divided by 277.
7
Calculate the remainder when 62797 is divided by 1569.
37
Calculate the remainder when 5408274 is divided by 33.
3
What is the remainder when 521705034 is divided by 21?
18
What is the remainder when 66390874 is divided by 7463?
26
What is the remainder when 90877354 is divided by 12982476?
22
Calculate the remainder when 34351899 is divided by 1837.
1836
What is the remainder when 1442345 is divided by 14?
9
What is the remainder when 14092656 is divided by 3575?
6
Calculate the remainder when 606493 is divided by 62.
9
Calculate the remainder when 15019 is divided by 6437.
2145
Calculate the remainder when 6155025 is divided by 409.
393
What is the remainder when 9720188 is divided by 2968?
2956
Calculate the remainder when 2045336 is divided by 20250.
86
What is the remainder when 24069577 is divided by 221?
25
What is the remainder when 22503225 is divided by 33?
30
Calculate the remainder when 474053 is divided by 335.
28
Calculate the remainder when 2803295 is divided by 2254.
1573
What is the remainder when 2175573 is divided by 19?
16
What is the remainder when 166240551 is divided by 7490?
1
What is the remainder when 520185 is divided by 11284?
1121
Calculate the remainder when 44029787 is divided by 7338297.
5
Calculate the remainder when 11151529 is divided by 5989.
11
Calculate the remainder when 778885 is divided by 97322.
309
Calculate the remainder when 269645 is divided by 44660.
1685
Calculate the remainder when 401682 is divided by 1702.
10
Calculate the remainder when 257480 is divided by 2342.
2202
What is the remainder when 3867735 is divided by 149?
142
Calculate the remainder when 1719157 is divided by 122796.
13
What is the remainder when 800372 is divided by 400135?
102
What is the remainder when 38840 is divided by 7662?
530
Calculate the remainder when 5199664 is divided by 315.
274
What is the remainder when 1064387 is divided by 323?
102
Calculate the remainder when 4458 is divided by 97.
93
Calculate the remainder when 345217 is divided by 39.
28
What is the remainder when 1076784 is divided by 269107?
356
Calculate the remainder when 317735 is divided by 61.
47
What is the remainder when 67956 is divided by 9686?
154
Calculate the remainder when 46061 is divided by 15276.
233
Calculate the remainder when 1227390 is divided by 613252.
886
What is the remainder when 332182 is divided by 47424?
214
Calculate the remainder when 42645013 is divided by 72.
61
What is the remainder when 576505 is divided by 216?
1
Calculate the remainder when 314979 is divided by 149.
142
What is the remainder when 575343772 is divided by 101?
100
Calculate the remainder when 105933 is divided by 52308.
1317
What is the remainder when 3476155 is divided by 331?
324
What is the remainder when 2040024 is divided by 15?
9
Calculate the remainder when 80926 is divided by 709.
100
What is the remainder when 860965 is divided by 429015?
2935
What is the remainder when 11139723 is divided by 5701?
5670
What is the remainder when 8807 is divided by 78?
71
Calculate the remainder when 25353003 is divided by 429711.
54
What is the remainder when 7430868 is divided by 180?
108
What is the remainder when 2075100 is divided by 415007?
65
Calculate the remainder when 554176 is divided by 1466.
28
Calculate the remainder when 5062061 is divided by 210919.
5
Calculate the remainder when 556200 is divided by 497.
57
What is the remainder when 91735622 is divided by 625?
622
What is the remainder when 4811979 is divided by 88?
51
What is the remainder when 3761578 is divided by 1880725?
128
What is the remainder when 14254944 is divided by 12236?
4
Calculate the remainder when 688390 is divided by 137597.
405
Calculate the remainder when 13940 is divided by 339.
41
What is the remainder when 3105896 is divided by 88738?
66
Calculate the remainder when 120678526 is divided by 64.
62
Calculate the remainder when 197383 is divided by 65791.
10
What is the remainder when 4843878 is divided by 83?
81
Calculate the remainder when 1362527 is divided by 513.
512
What is the remainder when 14501033 is divided by 517893?
29
What is the remainder when 214065 is divided by 54?
9
Calculate the remainder when 11696026 is divided by 5847961.
104
What is the remainder when 40608 is divided by 1073?
907
What is the remainder when 87249338 is divided by 832?
826
What is the remainder when 3985393 is divided by 1992685?
23
What is the remainder when 381425 is divided by 7335?
5
Calculate the remainder when 177127 is divided by 4427.
47
Calculate the remainder when 2038451 is divided by 12583.
5
What is the remainder when 21284663 is divided by 38?
27
Calculate the remainder when 467914 is divided by 467878.
36
Calculate the remainder when 41616448 is divided by 15.
13
Calculate the remainder when 9830525 is divided by 3276800.
125
Calculate the remainder when 23176903 is divided by 5787.
5755
Calculate the remainder when 46428781 is divided by 951.
10
What is the remainder when 3891 is divided by 516?
279
What is the remainder when 178956791 is divided by 14?
13
Calculate the remainder when 188684451 is divided by 26.
7
What is the remainder when 106235 is divided by 4618?
21
What is the remainder when 1276105 is divided by 87?
76
What is the remainder when 4478921 is divided by 895778?
31
Calculate the remainder when 308678 is divided by 343.
321
Calculate the remainder when 666627 is divided by 666624.
3
Calculate the remainder when 1976598 is divided by 42965.
208
What is the remainder when 64649050 is divided by 468?
466
What is the remainder when 24792210 is divided by 162?
54
What is the remainder when 73600 is divided by 6?
4
What is the remainder when 28008637 is divided by 4672?
4669
What is the remainder when 51262 is divided by 2514?
982
Calculate the remainder when 1214318 is divided by 30.
8
Calculate the remainder when 422015 is divided by 4058.
4041
Calculate the remainder when 1327848 is divided by 331947.
60
Calculate the remainder when 135172 is divided by 6.
4
Calculate the remainder when 31394 is divided by 7464.
1538
What is the remainder when 246407 is divided by 8758?
1183
Calculate the remainder when 18550664 is divided by 70804.
16
Calculate the remainder when 214525581 is divided by 144.
141
What is the remainder when 8183163 is divided by 37366?
9
Calculate the remainder when 92712 is divided by 658.
592
What is the remainder when 595216 is divided by 297562?
92
What is the remainder when 531786 is divided by 7508?
6226
Calculate the remainder when 102037 is divided by 5259.
2116
What is the remainder when 4556342 is divided by 18?
2
Calculate the remainder when 676942 is divided by 111.
64
Calculate the remainder when 827341 is divided by 1504.
141
Calculate the remainder when 12132 is divided by 4318.
3496
What is the remainder when 133344302 is divided by 5333772?
2
What is the remainder when 17475398 is divided by 184?
182
What is the remainder when 4600357 is divided by 760?
77
Calculate the remainder when 195055 is divided by 17723.
102
Calculate the remainder when 704632 is divided by 11356.
560
Calculate the remainder when 1391631 is divided by 347897.
43
What is the remainder when 1564629 is divided by 248?
245
Calculate the remainder when 74608916 is divided by 929.
926
What is the remainder when 694621 is divided by 1124?
1113
Calculate the remainder when 2247910 is divided by 4043.
2
Calculate the remainder when 8591 is divided by 3701.
1189
Calculate the remainder when 121154 is divided by 3063.
1697
Calculate the remainder when 32326242 is divided by 137.
133
Calculate the remainder when 10524434 is divided by 1327.
1324
Calculate the remainder when 131675 is divided by 385.
5
What is the remainder when 165256 is divided by 5661?
1087
Calculate the remainder when 4321806 is divided by